List the prime factors of 829.
829
What are the prime factors of 197556?
2, 3, 101, 163
List the prime factors of 194082.
2, 3, 7, 4621
What are the prime factors of 14134?
2, 37, 191
What are the prime factors of 13777?
23, 599
What are the prime factors of 12996?
2, 3, 19
What are the prime factors of 39318?
2, 3, 6553
What are the prime factors of 3047?
11, 277
What are the prime factors of 27398?
2, 7, 19, 103
List the prime factors of 212.
2, 53
What are the prime factors of 1365?
3, 5, 7, 13
List the prime factors of 693.
3, 7, 11
What are the prime factors of 1762?
2, 881
List the prime factors of 3355.
5, 11, 61
What are the prime factors of 2030?
2, 5, 7, 29
What are the prime factors of 20526?
2, 3, 11, 311
List the prime factors of 1196.
2, 13, 23
What are the prime factors of 36384?
2, 3, 379
What are the prime factors of 17863?
17863
What are the prime factors of 9558?
2, 3, 59
List the prime factors of 4161.
3, 19, 73
List the prime factors of 6124.
2, 1531
What are the prime factors of 431?
431
What are the prime factors of 583?
11, 53
List the prime factors of 3243.
3, 23, 47
List the prime factors of 1053.
3, 13
What are the prime factors of 86177?
7, 13, 947
List the prime factors of 3920.
2, 5, 7
What are the prime factors of 7796?
2, 1949
List the prime factors of 9429.
3, 7, 449
What are the prime factors of 68059?
68059
List the prime factors of 7121.
7121
List the prime factors of 17968.
2, 1123
What are the prime factors of 51813?
3, 19, 101
What are the prime factors of 8901?
3, 23, 43
List the prime factors of 3216.
2, 3, 67
What are the prime factors of 34025?
5, 1361
List the prime factors of 24832.
2, 97
List the prime factors of 15530.
2, 5, 1553
What are the prime factors of 12882?
2, 3, 19, 113
What are the prime factors of 30683?
61, 503
List the prime factors of 511.
7, 73
List the prime factors of 3403.
41, 83
What are the prime factors of 16965?
3, 5, 13, 29
What are the prime factors of 3245?
5, 11, 59
List the prime factors of 1187.
1187
What are the prime factors of 5681?
13, 19, 23
What are the prime factors of 7599?
3, 17, 149
What are the prime factors of 364?
2, 7, 13
What are the prime factors of 2816?
2, 11
List the prime factors of 3982.
2, 11, 181
List the prime factors of 59337.
3, 19, 347
List the prime factors of 816.
2, 3, 17
List the prime factors of 8958.
2, 3, 1493
What are the prime factors of 2495?
5, 499
List the prime factors of 3691.
3691
List the prime factors of 400.
2, 5
What are the prime factors of 442?
2, 13, 17
What are the prime factors of 40239?
3, 17, 263
List the prime factors of 1150.
2, 5, 23
List the prime factors of 4788.
2, 3, 7, 19
What are the prime factors of 115012?
2, 28753
List the prime factors of 9682.
2, 47, 103
What are the prime factors of 15672?
2, 3, 653
What are the prime factors of 47998?
2, 103, 233
List the prime factors of 80909.
80909
List the prime factors of 1022.
2, 7, 73
What are the prime factors of 2167?
11, 197
List the prime factors of 50174.
2, 25087
List the prime factors of 33.
3, 11
What are the prime factors of 936?
2, 3, 13
What are the prime factors of 25736?
2, 3217
List the prime factors of 3158.
2, 1579
What are the prime factors of 4125?
3, 5, 11
List the prime factors of 7836.
2, 3, 653
What are the prime factors of 3031?
7, 433
List the prime factors of 49.
7
List the prime factors of 417.
3, 139
List the prime factors of 56546.
2, 7, 577
What are the prime factors of 84813?
3, 17, 1663
What are the prime factors of 6169?
31, 199
List the prime factors of 1894.
2, 947
List the prime factors of 12362.
2, 7, 883
List the prime factors of 510.
2, 3, 5, 17
What are the prime factors of 146?
2, 73
What are the prime factors of 23307?
3, 17, 457
List the prime factors of 44477.
79, 563
List the prime factors of 1124.
2, 281
What are the prime factors of 35521?
35521
What are the prime factors of 6477?
3, 17, 127
What are the prime factors of 32613?
3, 7, 1553
List the prime factors of 2827.
11, 257
List the prime factors of 50787.
3, 11, 19
What are the prime factors of 376?
2, 47
List the prime factors of 4407.
3, 13, 113
What are the prime factors of 6373?
6373
What are the prime factors of 616?
2, 7, 11
What are the prime factors of 849?
3, 283
What are the prime factors of 1964?
2, 491
What are the prime factors of 2306?
2, 1153
What are the prime factors of 1262?
2, 631
What are the prime factors of 1401?
3, 467
What are the prime factors of 811?
811
List the prime factors of 14571.
3, 1619
List the prime factors of 128601.
3, 11, 433
List the prime factors of 1129.
1129
List the prime factors of 33753.
3, 11251
What are the prime factors of 6180?
2, 3, 5, 103
List the prime factors of 6316.
2, 1579
What are the prime factors of 105381?
3, 1301
List the prime factors of 46508.
2, 7, 11, 151
What are the prime factors of 3999?
3, 31, 43
What are the prime factors of 2338?
2, 7, 167
What are the prime factors of 2232?
2, 3, 31
What are the prime factors of 82985?
5, 7, 2371
List the prime factors of 51885.
3, 5, 1153
List the prime factors of 6334.
2, 3167
List the prime factors of 7288.
2, 911
What are the prime factors of 24725?
5, 23, 43
List the prime factors of 2022.
2, 3, 337
List the prime factors of 9773.
29, 337
What are the prime factors of 1058?
2, 23
List the prime factors of 1323.
3, 7
List the prime factors of 131076.
2, 3, 11, 331
List the prime factors of 168781.
168781
List the prime factors of 127330.
2, 5, 7, 17, 107
What are the prime factors of 1623?
3, 541
What are the prime factors of 815?
5, 163
What are the prime factors of 2489?
19, 131
What are the prime factors of 2872?
2, 359
List the prime factors of 1262.
2, 631
List the prime factors of 31544.
2, 3943
List the prime factors of 241.
241
List the prime factors of 9645.
3, 5, 643
List the prime factors of 4509.
3, 167
List the prime factors of 55757.
13, 4289
What are the prime factors of 94741?
17, 5573
List the prime factors of 34069.
7, 31, 157
List the prime factors of 253.
11, 23
List the prime factors of 74161.
74161
List the prime factors of 594.
2, 3, 11
List the prime factors of 11658.
2, 3, 29, 67
What are the prime factors of 9433?
9433
What are the prime factors of 941?
941
What are the prime factors of 11894?
2, 19, 313
List the prime factors of 10628.
2, 2657
List the prime factors of 13231.
101, 131
What are the prime factors of 3664?
2, 229
What are the prime factors of 1285?
5, 257
What are the prime factors of 2448?
2, 3, 17
What are the prime factors of 44341?
11, 29, 139
What are the prime factors of 2567?
17, 151
What are the prime factors of 35?
5, 7
List the prime factors of 114675.
3, 5, 11, 139
What are the prime factors of 8234?
2, 23, 179
What are the prime factors of 1663?
1663
List the prime factors of 3292.
2, 823
List the prime factors of 5131.
7, 733
List the prime factors of 1354.
2, 677
What are the prime factors of 577?
577
What are the prime factors of 7001?
7001
List the prime factors of 46845.
3, 5, 347
What are the prime factors of 1835?
5, 367
List the prime factors of 45860.
2, 5, 2293
List the prime factors of 30853.
30853
What are the prime factors of 963?
3, 107
List the prime factors of 3201.
3, 11, 97
List the prime factors of 34231.
34231
What are the prime factors of 2456?
2, 307
What are the prime factors of 254?
2, 127
What are the prime factors of 1005?
3, 5, 67
What are the prime factors of 46606?
2, 7, 3329
What are the prime factors of 65003?
65003
List the prime factors of 18037.
17, 1061
List the prime factors of 37658.
2, 19, 991
What are the prime factors of 11554?
2, 53, 109
What are the prime factors of 632?
2, 79
What are the prime factors of 20247?
3, 17, 397
What are the prime factors of 1923?
3, 641
List the prime factors of 94522.
2, 167, 283
List the prime factors of 3811.
37, 103
List the prime factors of 11625.
3, 5, 31
What are the prime factors of 8928?
2, 3, 31
List the prime factors of 30557.
30557
List the prime factors of 16952.
2, 13, 163
List the prime factors of 20247.
3, 17, 397
List the prime factors of 193.
193
List the prime factors of 632.
2, 79
List the prime factors of 127158.
2, 3, 21193
List the prime factors of 14662.
2, 7331
What are the prime factors of 1344?
2, 